{"id":137,"date":"2023-09-05T13:51:53","date_gmt":"2023-09-05T13:51:53","guid":{"rendered":"https:\/\/delta5sim.com\/website\/?page_id=137"},"modified":"2026-02-02T16:29:41","modified_gmt":"2026-02-02T19:29:41","slug":"entretenimento","status":"publish","type":"page","link":"https:\/\/delta5sim.com\/website\/entretenimento\/","title":{"rendered":"Entretenimento"},"content":{"rendered":"\t\t<div data-elementor-type=\"wp-page\" data-elementor-id=\"137\" class=\"elementor elementor-137\" data-elementor-post-type=\"page\">\n\t\t\t\t\t\t<section class=\"elementor-section elementor-top-section elementor-element elementor-element-d0e8a13 elementor-section-full_width elementor-section-stretched elementor-section-content-middle elementor-section-height-default elementor-section-height-default\" data-id=\"d0e8a13\" data-element_type=\"section\" data-e-type=\"section\" data-settings=\"{&quot;stretch_section&quot;:&quot;section-stretched&quot;,&quot;background_background&quot;:&quot;video&quot;,&quot;background_video_link&quot;:&quot;https:\\\/\\\/delta5sim.com\\\/website\\\/wp-content\\\/uploads\\\/2023\\\/11\\\/a320-delta-5-2.mp4&quot;,&quot;background_video_start&quot;:0,&quot;background_play_on_mobile&quot;:&quot;yes&quot;}\">\n\t\t\t\t\t\t\t\t<div class=\"elementor-background-video-container\">\n\t\t\t\t\t\t\t\t\t\t\t\t\t<video class=\"elementor-background-video-hosted\" role=\"presentation\" autoplay muted playsinline loop><\/video>\n\t\t\t\t\t\t\t\t\t\t\t<\/div>\n\t\t\t\t\t\t\t\t<div class=\"elementor-container elementor-column-gap-default\">\n\t\t\t\t\t<div class=\"elementor-column elementor-col-100 elementor-top-column elementor-element elementor-element-8ab03ad\" data-id=\"8ab03ad\" data-element_type=\"column\" data-e-type=\"column\">\n\t\t\t<div class=\"elementor-widget-wrap elementor-element-populated\">\n\t\t\t\t\t\t<div class=\"elementor-element elementor-element-6b83702 elementor-widget elementor-widget-text-editor\" data-id=\"6b83702\" data-element_type=\"widget\" data-e-type=\"widget\" data-widget_type=\"text-editor.default\">\n\t\t\t\t<div class=\"elementor-widget-container\">\n\t\t\t\t\t\t\t\t\t<p>Entretenimento<\/p>\t\t\t\t\t\t\t\t<\/div>\n\t\t\t\t<\/div>\n\t\t\t\t\t<\/div>\n\t\t<\/div>\n\t\t\t\t\t<\/div>\n\t\t<\/section>\n\t\t\t\t<section class=\"elementor-section elementor-top-section elementor-element elementor-element-771aee4 elementor-section-boxed elementor-section-height-default elementor-section-height-default\" data-id=\"771aee4\" data-element_type=\"section\" data-e-type=\"section\">\n\t\t\t\t\t\t<div class=\"elementor-container elementor-column-gap-default\">\n\t\t\t\t\t<div class=\"elementor-column elementor-col-100 elementor-top-column elementor-element elementor-element-6da65df\" data-id=\"6da65df\" data-element_type=\"column\" data-e-type=\"column\">\n\t\t\t<div class=\"elementor-widget-wrap elementor-element-populated\">\n\t\t\t\t\t\t<div class=\"elementor-element elementor-element-254ce48 elementor-widget elementor-widget-text-editor\" data-id=\"254ce48\" data-element_type=\"widget\" data-e-type=\"widget\" data-widget_type=\"text-editor.default\">\n\t\t\t\t<div class=\"elementor-widget-container\">\n\t\t\t\t\t\t\t\t\t<p>Viva uma experi\u00eancia \u00fanica ou compre um presente para algu\u00e9m que \u00e9 apaixonado por avia\u00e7\u00e3o<\/p>\t\t\t\t\t\t\t\t<\/div>\n\t\t\t\t<\/div>\n\t\t\t\t\t<\/div>\n\t\t<\/div>\n\t\t\t\t\t<\/div>\n\t\t<\/section>\n\t\t\t\t<section class=\"elementor-section elementor-top-section elementor-element elementor-element-d5ee66e elementor-section-boxed elementor-section-height-default elementor-section-height-default\" data-id=\"d5ee66e\" data-element_type=\"section\" data-e-type=\"section\">\n\t\t\t\t\t\t<div class=\"elementor-container elementor-column-gap-default\">\n\t\t\t\t\t<div class=\"elementor-column elementor-col-50 elementor-top-column elementor-element elementor-element-28ddd38\" data-id=\"28ddd38\" data-element_type=\"column\" data-e-type=\"column\">\n\t\t\t<div class=\"elementor-widget-wrap elementor-element-populated\">\n\t\t\t\t\t\t<div class=\"elementor-element elementor-element-61837dd elementor-widget elementor-widget-text-editor\" data-id=\"61837dd\" data-element_type=\"widget\" data-e-type=\"widget\" data-widget_type=\"text-editor.default\">\n\t\t\t\t<div class=\"elementor-widget-container\">\n\t\t\t\t\t\t\t\t\t<p>Na Delta5 Simuladores de Voo as pessoas apaixonadas pela avia\u00e7\u00e3o podem realizar sess\u00f5es de Piloto Por Um Dia e conhecer as rotinas e procedimentos dos pilotos de companhias a\u00e9reas em nossos simuladores.<\/p>\t\t\t\t\t\t\t\t<\/div>\n\t\t\t\t<\/div>\n\t\t\t\t<div class=\"elementor-element elementor-element-8a9740a elementor-widget elementor-widget-text-editor\" data-id=\"8a9740a\" data-element_type=\"widget\" data-e-type=\"widget\" data-widget_type=\"text-editor.default\">\n\t\t\t\t<div class=\"elementor-widget-container\">\n\t\t\t\t\t\t\t\t\t<p>O Vale Presente \u00e9 um produto de entretenimento da Delta5 para permitir que entusiastas e pessoas apaixonadas pela avia\u00e7\u00e3o possam conhecer um simulador que tem as mesmas caracter\u00edsticas dos principais avi\u00f5es de empresas a\u00e9reas do mundo e ter a experi\u00eancia de fazer um voo, e conhecer os procedimentos usados por pilotos da avia\u00e7\u00e3o comercial.<\/p>\n<p>Sinta toda a emo\u00e7\u00e3o e a responsabilidade de pilotar um grande jato, voando em S\u00e3o Paulo, Rio de Janeiro ou Curitiba. Durante a sess\u00e3o, voc\u00ea ser\u00e1 orientado e auxiliado por um Monitor para uma melhor experi\u00eancia.<\/p>\n<p>Essa experi\u00eancia esta dispon\u00edvel para pessoas a partir de 10 anos de idade e acompanhado de um adulto. As pessoas com estatura inferior a 1,50m podem ter dificuldade para alcan\u00e7ar os pedais, mas podem ser auxiliadas pelo seu \u201ccopiloto\u201d. E ser\u00e1 acompanhado por um de nossos pilotos.<\/p>\t\t\t\t\t\t\t\t<\/div>\n\t\t\t\t<\/div>\n\t\t\t\t\t<\/div>\n\t\t<\/div>\n\t\t\t\t<div class=\"elementor-column elementor-col-50 elementor-top-column elementor-element elementor-element-98986b5\" data-id=\"98986b5\" data-element_type=\"column\" data-e-type=\"column\">\n\t\t\t<div class=\"elementor-widget-wrap elementor-element-populated\">\n\t\t\t\t\t\t<div class=\"elementor-element elementor-element-ecbfce8 elementor-widget elementor-widget-image\" data-id=\"ecbfce8\" data-element_type=\"widget\" data-e-type=\"widget\" data-widget_type=\"image.default\">\n\t\t\t\t<div class=\"elementor-widget-container\">\n\t\t\t\t\t\t\t\t\t\t\t\t\t\t\t\t<a href=\"https:\/\/delta5sim.com\/produto\/vale-presente-piloto-por-um-dia-delta-5\/\">\n\t\t\t\t\t\t\t<img fetchpriority=\"high\" decoding=\"async\" width=\"800\" height=\"534\" src=\"https:\/\/delta5sim.com\/website\/wp-content\/uploads\/2023\/11\/Vale-presente-23-delta-5-1-1024x683.jpg\" class=\"attachment-large size-large wp-image-3388\" alt=\"\" srcset=\"https:\/\/delta5sim.com\/website\/wp-content\/uploads\/2023\/11\/Vale-presente-23-delta-5-1-1024x683.jpg 1024w, https:\/\/delta5sim.com\/website\/wp-content\/uploads\/2023\/11\/Vale-presente-23-delta-5-1-600x400.jpg 600w, https:\/\/delta5sim.com\/website\/wp-content\/uploads\/2023\/11\/Vale-presente-23-delta-5-1-300x200.jpg 300w, https:\/\/delta5sim.com\/website\/wp-content\/uploads\/2023\/11\/Vale-presente-23-delta-5-1-768x512.jpg 768w, https:\/\/delta5sim.com\/website\/wp-content\/uploads\/2023\/11\/Vale-presente-23-delta-5-1.jpg 1350w\" sizes=\"(max-width: 800px) 100vw, 800px\" \/>\t\t\t\t\t\t\t\t<\/a>\n\t\t\t\t\t\t\t\t\t\t\t\t\t\t\t<\/div>\n\t\t\t\t<\/div>\n\t\t\t\t<div class=\"elementor-element elementor-element-58e0b73 elementor-widget elementor-widget-text-editor\" data-id=\"58e0b73\" data-element_type=\"widget\" data-e-type=\"widget\" data-widget_type=\"text-editor.default\">\n\t\t\t\t<div class=\"elementor-widget-container\">\n\t\t\t\t\t\t\t\t\t<p>Valor Promocional\u00a0 para vale presente<\/p><p><strong>R$ 525,00<\/strong><\/p><p>01:15 h de voo<\/p>\t\t\t\t\t\t\t\t<\/div>\n\t\t\t\t<\/div>\n\t\t\t\t<div class=\"elementor-element elementor-element-793aa8e elementor-widget elementor-widget-button\" data-id=\"793aa8e\" data-element_type=\"widget\" data-e-type=\"widget\" data-widget_type=\"button.default\">\n\t\t\t\t<div class=\"elementor-widget-container\">\n\t\t\t\t\t\t\t\t\t<div class=\"elementor-button-wrapper\">\n\t\t\t\t\t<a class=\"elementor-button elementor-button-link elementor-size-sm\" href=\"https:\/\/delta5sim.com\/produto\/vale-presente-piloto-por-um-dia-delta-5\/\">\n\t\t\t\t\t\t<span class=\"elementor-button-content-wrapper\">\n\t\t\t\t\t\t\t\t\t<span class=\"elementor-button-text\">Quero comprar!<\/span>\n\t\t\t\t\t<\/span>\n\t\t\t\t\t<\/a>\n\t\t\t\t<\/div>\n\t\t\t\t\t\t\t\t<\/div>\n\t\t\t\t<\/div>\n\t\t\t\t\t<\/div>\n\t\t<\/div>\n\t\t\t\t\t<\/div>\n\t\t<\/section>\n\t\t\t\t<section class=\"elementor-section elementor-top-section elementor-element elementor-element-734ae9b elementor-section-boxed elementor-section-height-default elementor-section-height-default\" data-id=\"734ae9b\" data-element_type=\"section\" data-e-type=\"section\">\n\t\t\t\t\t\t<div class=\"elementor-container elementor-column-gap-default\">\n\t\t\t\t\t<div class=\"elementor-column elementor-col-100 elementor-top-column elementor-element elementor-element-436c6f4\" data-id=\"436c6f4\" data-element_type=\"column\" data-e-type=\"column\">\n\t\t\t<div class=\"elementor-widget-wrap elementor-element-populated\">\n\t\t\t\t\t\t<div class=\"elementor-element elementor-element-852c3bc elementor-widget elementor-widget-text-editor\" data-id=\"852c3bc\" data-element_type=\"widget\" data-e-type=\"widget\" data-widget_type=\"text-editor.default\">\n\t\t\t\t<div class=\"elementor-widget-container\">\n\t\t\t\t\t\t\t\t\t<div class=\"entry-content-asset\"><iframe title=\"Video Entretenimento Delta 5 &quot;Piloto por um Dia&quot;\" width=\"800\" height=\"450\" src=\"https:\/\/www.youtube.com\/embed\/VZrzNXGPQuk?feature=oembed\" frameborder=\"0\" allow=\"accelerometer; autoplay; clipboard-write; encrypted-media; gyroscope; picture-in-picture; web-share\" allowfullscreen><\/iframe><\/div>\t\t\t\t\t\t\t\t<\/div>\n\t\t\t\t<\/div>\n\t\t\t\t\t<\/div>\n\t\t<\/div>\n\t\t\t\t\t<\/div>\n\t\t<\/section>\n\t\t\t\t<\/div>\n\t\t","protected":false},"excerpt":{"rendered":"<p>Entretenimento Viva uma experi\u00eancia \u00fanica ou compre um presente para algu\u00e9m que \u00e9 apaixonado por avia\u00e7\u00e3o Na Delta5 Simuladores de Voo as pessoas apaixonadas pela avia\u00e7\u00e3o podem realizar sess\u00f5es de Piloto Por Um Dia e conhecer as rotinas e procedimentos dos pilotos de companhias a\u00e9reas em nossos simuladores. O Vale Presente \u00e9 um produto de [&hellip;]<\/p>\n","protected":false},"author":1,"featured_media":59,"parent":0,"menu_order":0,"comment_status":"closed","ping_status":"closed","template":"","meta":{"footnotes":""},"class_list":["post-137","page","type-page","status-publish","has-post-thumbnail","hentry"],"yoast_head":"<!-- This site is optimized with the Yoast SEO plugin v27.2 - https:\/\/yoast.com\/product\/yoast-seo-wordpress\/ -->\n<title>Entretenimento - Delta 5<\/title>\n<meta name=\"robots\" content=\"index, follow, max-snippet:-1, max-image-preview:large, max-video-preview:-1\" \/>\n<link rel=\"canonical\" href=\"https:\/\/delta5sim.com\/website\/entretenimento\/\" \/>\n<meta property=\"og:locale\" content=\"pt_BR\" \/>\n<meta property=\"og:type\" content=\"article\" \/>\n<meta property=\"og:title\" content=\"Entretenimento - Delta 5\" \/>\n<meta property=\"og:description\" content=\"Entretenimento Viva uma experi\u00eancia \u00fanica ou compre um presente para algu\u00e9m que \u00e9 apaixonado por avia\u00e7\u00e3o Na Delta5 Simuladores de Voo as pessoas apaixonadas pela avia\u00e7\u00e3o podem realizar sess\u00f5es de Piloto Por Um Dia e conhecer as rotinas e procedimentos dos pilotos de companhias a\u00e9reas em nossos simuladores. O Vale Presente \u00e9 um produto de [&hellip;]\" \/>\n<meta property=\"og:url\" content=\"https:\/\/delta5sim.com\/website\/entretenimento\/\" \/>\n<meta property=\"og:site_name\" content=\"Delta 5\" \/>\n<meta property=\"article:modified_time\" content=\"2026-02-02T19:29:41+00:00\" \/>\n<meta property=\"og:image\" content=\"https:\/\/delta5sim.com\/website\/wp-content\/uploads\/2023\/09\/stacks-image-3f6dabe.jpg\" \/>\n\t<meta property=\"og:image:width\" content=\"450\" \/>\n\t<meta property=\"og:image:height\" content=\"300\" \/>\n\t<meta property=\"og:image:type\" content=\"image\/jpeg\" \/>\n<meta name=\"twitter:card\" content=\"summary_large_image\" \/>\n<meta name=\"twitter:label1\" content=\"Est. tempo de leitura\" \/>\n\t<meta name=\"twitter:data1\" content=\"2 minutos\" \/>\n<script type=\"application\/ld+json\" class=\"yoast-schema-graph\">{\"@context\":\"https:\/\/schema.org\",\"@graph\":[{\"@type\":\"WebPage\",\"@id\":\"https:\/\/delta5sim.com\/website\/entretenimento\/\",\"url\":\"https:\/\/delta5sim.com\/website\/entretenimento\/\",\"name\":\"Entretenimento - Delta 5\",\"isPartOf\":{\"@id\":\"https:\/\/delta5sim.com\/website\/#website\"},\"primaryImageOfPage\":{\"@id\":\"https:\/\/delta5sim.com\/website\/entretenimento\/#primaryimage\"},\"image\":{\"@id\":\"https:\/\/delta5sim.com\/website\/entretenimento\/#primaryimage\"},\"thumbnailUrl\":\"https:\/\/delta5sim.com\/website\/wp-content\/uploads\/2023\/09\/stacks-image-3f6dabe.jpg\",\"datePublished\":\"2023-09-05T13:51:53+00:00\",\"dateModified\":\"2026-02-02T19:29:41+00:00\",\"breadcrumb\":{\"@id\":\"https:\/\/delta5sim.com\/website\/entretenimento\/#breadcrumb\"},\"inLanguage\":\"pt-BR\",\"potentialAction\":[{\"@type\":\"ReadAction\",\"target\":[\"https:\/\/delta5sim.com\/website\/entretenimento\/\"]}]},{\"@type\":\"ImageObject\",\"inLanguage\":\"pt-BR\",\"@id\":\"https:\/\/delta5sim.com\/website\/entretenimento\/#primaryimage\",\"url\":\"https:\/\/delta5sim.com\/website\/wp-content\/uploads\/2023\/09\/stacks-image-3f6dabe.jpg\",\"contentUrl\":\"https:\/\/delta5sim.com\/website\/wp-content\/uploads\/2023\/09\/stacks-image-3f6dabe.jpg\",\"width\":450,\"height\":300},{\"@type\":\"BreadcrumbList\",\"@id\":\"https:\/\/delta5sim.com\/website\/entretenimento\/#breadcrumb\",\"itemListElement\":[{\"@type\":\"ListItem\",\"position\":1,\"name\":\"In\u00edcio\",\"item\":\"https:\/\/delta5sim.com\/website\/\"},{\"@type\":\"ListItem\",\"position\":2,\"name\":\"Entretenimento\"}]},{\"@type\":\"WebSite\",\"@id\":\"https:\/\/delta5sim.com\/website\/#website\",\"url\":\"https:\/\/delta5sim.com\/website\/\",\"name\":\"Delta 5\",\"description\":\"&quot;Treine antes de voar&quot;\",\"publisher\":{\"@id\":\"https:\/\/delta5sim.com\/website\/#organization\"},\"potentialAction\":[{\"@type\":\"SearchAction\",\"target\":{\"@type\":\"EntryPoint\",\"urlTemplate\":\"https:\/\/delta5sim.com\/website\/?s={search_term_string}\"},\"query-input\":{\"@type\":\"PropertyValueSpecification\",\"valueRequired\":true,\"valueName\":\"search_term_string\"}}],\"inLanguage\":\"pt-BR\"},{\"@type\":\"Organization\",\"@id\":\"https:\/\/delta5sim.com\/website\/#organization\",\"name\":\"Delta 5\",\"url\":\"https:\/\/delta5sim.com\/website\/\",\"logo\":{\"@type\":\"ImageObject\",\"inLanguage\":\"pt-BR\",\"@id\":\"https:\/\/delta5sim.com\/website\/#\/schema\/logo\/image\/\",\"url\":\"https:\/\/delta5sim.com\/website\/wp-content\/uploads\/2023\/09\/Delta5_CIAC.png\",\"contentUrl\":\"https:\/\/delta5sim.com\/website\/wp-content\/uploads\/2023\/09\/Delta5_CIAC.png\",\"width\":2463,\"height\":783,\"caption\":\"Delta 5\"},\"image\":{\"@id\":\"https:\/\/delta5sim.com\/website\/#\/schema\/logo\/image\/\"}}]}<\/script>\n<!-- \/ Yoast SEO plugin. -->","yoast_head_json":{"title":"Entretenimento - Delta 5","robots":{"index":"index","follow":"follow","max-snippet":"max-snippet:-1","max-image-preview":"max-image-preview:large","max-video-preview":"max-video-preview:-1"},"canonical":"https:\/\/delta5sim.com\/website\/entretenimento\/","og_locale":"pt_BR","og_type":"article","og_title":"Entretenimento - Delta 5","og_description":"Entretenimento Viva uma experi\u00eancia \u00fanica ou compre um presente para algu\u00e9m que \u00e9 apaixonado por avia\u00e7\u00e3o Na Delta5 Simuladores de Voo as pessoas apaixonadas pela avia\u00e7\u00e3o podem realizar sess\u00f5es de Piloto Por Um Dia e conhecer as rotinas e procedimentos dos pilotos de companhias a\u00e9reas em nossos simuladores. O Vale Presente \u00e9 um produto de [&hellip;]","og_url":"https:\/\/delta5sim.com\/website\/entretenimento\/","og_site_name":"Delta 5","article_modified_time":"2026-02-02T19:29:41+00:00","og_image":[{"width":450,"height":300,"url":"https:\/\/delta5sim.com\/website\/wp-content\/uploads\/2023\/09\/stacks-image-3f6dabe.jpg","type":"image\/jpeg"}],"twitter_card":"summary_large_image","twitter_misc":{"Est. tempo de leitura":"2 minutos"},"schema":{"@context":"https:\/\/schema.org","@graph":[{"@type":"WebPage","@id":"https:\/\/delta5sim.com\/website\/entretenimento\/","url":"https:\/\/delta5sim.com\/website\/entretenimento\/","name":"Entretenimento - Delta 5","isPartOf":{"@id":"https:\/\/delta5sim.com\/website\/#website"},"primaryImageOfPage":{"@id":"https:\/\/delta5sim.com\/website\/entretenimento\/#primaryimage"},"image":{"@id":"https:\/\/delta5sim.com\/website\/entretenimento\/#primaryimage"},"thumbnailUrl":"https:\/\/delta5sim.com\/website\/wp-content\/uploads\/2023\/09\/stacks-image-3f6dabe.jpg","datePublished":"2023-09-05T13:51:53+00:00","dateModified":"2026-02-02T19:29:41+00:00","breadcrumb":{"@id":"https:\/\/delta5sim.com\/website\/entretenimento\/#breadcrumb"},"inLanguage":"pt-BR","potentialAction":[{"@type":"ReadAction","target":["https:\/\/delta5sim.com\/website\/entretenimento\/"]}]},{"@type":"ImageObject","inLanguage":"pt-BR","@id":"https:\/\/delta5sim.com\/website\/entretenimento\/#primaryimage","url":"https:\/\/delta5sim.com\/website\/wp-content\/uploads\/2023\/09\/stacks-image-3f6dabe.jpg","contentUrl":"https:\/\/delta5sim.com\/website\/wp-content\/uploads\/2023\/09\/stacks-image-3f6dabe.jpg","width":450,"height":300},{"@type":"BreadcrumbList","@id":"https:\/\/delta5sim.com\/website\/entretenimento\/#breadcrumb","itemListElement":[{"@type":"ListItem","position":1,"name":"In\u00edcio","item":"https:\/\/delta5sim.com\/website\/"},{"@type":"ListItem","position":2,"name":"Entretenimento"}]},{"@type":"WebSite","@id":"https:\/\/delta5sim.com\/website\/#website","url":"https:\/\/delta5sim.com\/website\/","name":"Delta 5","description":"&quot;Treine antes de voar&quot;","publisher":{"@id":"https:\/\/delta5sim.com\/website\/#organization"},"potentialAction":[{"@type":"SearchAction","target":{"@type":"EntryPoint","urlTemplate":"https:\/\/delta5sim.com\/website\/?s={search_term_string}"},"query-input":{"@type":"PropertyValueSpecification","valueRequired":true,"valueName":"search_term_string"}}],"inLanguage":"pt-BR"},{"@type":"Organization","@id":"https:\/\/delta5sim.com\/website\/#organization","name":"Delta 5","url":"https:\/\/delta5sim.com\/website\/","logo":{"@type":"ImageObject","inLanguage":"pt-BR","@id":"https:\/\/delta5sim.com\/website\/#\/schema\/logo\/image\/","url":"https:\/\/delta5sim.com\/website\/wp-content\/uploads\/2023\/09\/Delta5_CIAC.png","contentUrl":"https:\/\/delta5sim.com\/website\/wp-content\/uploads\/2023\/09\/Delta5_CIAC.png","width":2463,"height":783,"caption":"Delta 5"},"image":{"@id":"https:\/\/delta5sim.com\/website\/#\/schema\/logo\/image\/"}}]}},"_links":{"self":[{"href":"https:\/\/delta5sim.com\/website\/wp-json\/wp\/v2\/pages\/137","targetHints":{"allow":["GET"]}}],"collection":[{"href":"https:\/\/delta5sim.com\/website\/wp-json\/wp\/v2\/pages"}],"about":[{"href":"https:\/\/delta5sim.com\/website\/wp-json\/wp\/v2\/types\/page"}],"author":[{"embeddable":true,"href":"https:\/\/delta5sim.com\/website\/wp-json\/wp\/v2\/users\/1"}],"replies":[{"embeddable":true,"href":"https:\/\/delta5sim.com\/website\/wp-json\/wp\/v2\/comments?post=137"}],"version-history":[{"count":80,"href":"https:\/\/delta5sim.com\/website\/wp-json\/wp\/v2\/pages\/137\/revisions"}],"predecessor-version":[{"id":470950,"href":"https:\/\/delta5sim.com\/website\/wp-json\/wp\/v2\/pages\/137\/revisions\/470950"}],"wp:featuredmedia":[{"embeddable":true,"href":"https:\/\/delta5sim.com\/website\/wp-json\/wp\/v2\/media\/59"}],"wp:attachment":[{"href":"https:\/\/delta5sim.com\/website\/wp-json\/wp\/v2\/media?parent=137"}],"curies":[{"name":"wp","href":"https:\/\/api.w.org\/{rel}","templated":true}]}}