{"id":1021,"date":"2023-09-05T19:45:42","date_gmt":"2023-09-05T19:45:42","guid":{"rendered":"https:\/\/delta5sim.com\/website\/?page_id=1021"},"modified":"2023-11-16T10:45:38","modified_gmt":"2023-11-16T10:45:38","slug":"treinamento-e-selecao","status":"publish","type":"page","link":"https:\/\/delta5sim.com\/website\/treinamento-e-selecao\/","title":{"rendered":"Treinamento e Sele\u00e7\u00e3o"},"content":{"rendered":"\t\t<div data-elementor-type=\"wp-page\" data-elementor-id=\"1021\" class=\"elementor elementor-1021\" data-elementor-post-type=\"page\">\n\t\t\t\t\t\t<section class=\"elementor-section elementor-top-section elementor-element elementor-element-ed6d45a elementor-section-full_width elementor-section-stretched elementor-section-content-top elementor-section-height-default elementor-section-height-default\" data-id=\"ed6d45a\" data-element_type=\"section\" data-e-type=\"section\" data-settings=\"{&quot;stretch_section&quot;:&quot;section-stretched&quot;,&quot;background_background&quot;:&quot;video&quot;,&quot;background_video_link&quot;:&quot;https:\\\/\\\/delta5sim.com\\\/website\\\/wp-content\\\/uploads\\\/2023\\\/11\\\/glass-58-g-36-delta-5.mp4&quot;,&quot;background_video_start&quot;:0,&quot;background_play_on_mobile&quot;:&quot;yes&quot;}\">\n\t\t\t\t\t\t\t\t<div class=\"elementor-background-video-container\">\n\t\t\t\t\t\t\t\t\t\t\t\t\t<video class=\"elementor-background-video-hosted\" role=\"presentation\" autoplay muted playsinline loop><\/video>\n\t\t\t\t\t\t\t\t\t\t\t<\/div>\n\t\t\t\t\t\t\t\t<div class=\"elementor-container elementor-column-gap-default\">\n\t\t\t\t\t<div class=\"elementor-column elementor-col-100 elementor-top-column elementor-element elementor-element-135cdb3\" data-id=\"135cdb3\" data-element_type=\"column\" data-e-type=\"column\">\n\t\t\t<div class=\"elementor-widget-wrap elementor-element-populated\">\n\t\t\t\t\t\t<div class=\"elementor-element elementor-element-e7142c3 elementor-widget elementor-widget-text-editor\" data-id=\"e7142c3\" data-element_type=\"widget\" data-e-type=\"widget\" data-widget_type=\"text-editor.default\">\n\t\t\t\t<div class=\"elementor-widget-container\">\n\t\t\t\t\t\t\t\t\t<p>Treinamento e Sele\u00e7\u00e3o<\/p>\t\t\t\t\t\t\t\t<\/div>\n\t\t\t\t<\/div>\n\t\t\t\t\t<\/div>\n\t\t<\/div>\n\t\t\t\t\t<\/div>\n\t\t<\/section>\n\t\t\t\t<section class=\"elementor-section elementor-top-section elementor-element elementor-element-e4c643f elementor-section-boxed elementor-section-height-default elementor-section-height-default\" data-id=\"e4c643f\" data-element_type=\"section\" data-e-type=\"section\">\n\t\t\t\t\t\t<div class=\"elementor-container elementor-column-gap-default\">\n\t\t\t\t\t<div class=\"elementor-column elementor-col-100 elementor-top-column elementor-element elementor-element-f109c73\" data-id=\"f109c73\" data-element_type=\"column\" data-e-type=\"column\">\n\t\t\t<div class=\"elementor-widget-wrap elementor-element-populated\">\n\t\t\t\t\t\t<div class=\"elementor-element elementor-element-ba12bf5 elementor-widget elementor-widget-text-editor\" data-id=\"ba12bf5\" data-element_type=\"widget\" data-e-type=\"widget\" data-widget_type=\"text-editor.default\">\n\t\t\t\t<div class=\"elementor-widget-container\">\n\t\t\t\t\t\t\t\t\t<p>Empresas A\u00e9reas<\/p>\t\t\t\t\t\t\t\t<\/div>\n\t\t\t\t<\/div>\n\t\t\t\t\t<\/div>\n\t\t<\/div>\n\t\t\t\t\t<\/div>\n\t\t<\/section>\n\t\t\t\t<section class=\"elementor-section elementor-top-section elementor-element elementor-element-a2f89e8 elementor-section-boxed elementor-section-height-default elementor-section-height-default\" data-id=\"a2f89e8\" data-element_type=\"section\" data-e-type=\"section\">\n\t\t\t\t\t\t<div class=\"elementor-container elementor-column-gap-default\">\n\t\t\t\t\t<div class=\"elementor-column elementor-col-50 elementor-top-column elementor-element elementor-element-c7eaf44\" data-id=\"c7eaf44\" data-element_type=\"column\" data-e-type=\"column\">\n\t\t\t<div class=\"elementor-widget-wrap elementor-element-populated\">\n\t\t\t\t\t\t<div class=\"elementor-element elementor-element-bfb3bae elementor-widget elementor-widget-text-editor\" data-id=\"bfb3bae\" data-element_type=\"widget\" data-e-type=\"widget\" data-widget_type=\"text-editor.default\">\n\t\t\t\t<div class=\"elementor-widget-container\">\n\t\t\t\t\t\t\t\t\t<p>Reduza os custos e melhore a efici\u00eancia de sua equipe. Utilize os simuladores da Delta 5 como parte do treinamento de seus pilotos, economizando na redu\u00e7\u00e3o de horas de treinamento em Full Flight Simulator (FFS\/Level D).<\/p><p>Algumas empresas a\u00e9reas tamb\u00e9m j\u00e1 utilizaram nossos equipamentos para realizar etapas de sele\u00e7\u00e3o de seus pilotos.<\/p><p>Sua empresa economizar\u00e1 no total de horas utilizadas no FFS, com a qualidade de um cockpit totalmente funcional de alto n\u00edvel, com visual em alta defini\u00e7\u00e3o e um sistema totalmente adapt\u00e1vel \u00e0s as necessidades da sua empresa.<\/p><p>Nossos simuladores permitem realizar sess\u00f5es com opera\u00e7\u00f5es normais, anormais e emerg\u00eancias em cen\u00e1rios de aeroportos brasileiros e internacionais.<\/p><p>Os simuladores de n\u00edvel FTD (Fixed Training Device) 4.<\/p>\t\t\t\t\t\t\t\t<\/div>\n\t\t\t\t<\/div>\n\t\t\t\t\t<\/div>\n\t\t<\/div>\n\t\t\t\t<div class=\"elementor-column elementor-col-50 elementor-top-column elementor-element elementor-element-de5f5a2\" data-id=\"de5f5a2\" data-element_type=\"column\" data-e-type=\"column\">\n\t\t\t<div class=\"elementor-widget-wrap elementor-element-populated\">\n\t\t\t\t\t\t<div class=\"elementor-element elementor-element-bc0c2fb elementor-widget elementor-widget-image\" data-id=\"bc0c2fb\" data-element_type=\"widget\" data-e-type=\"widget\" data-widget_type=\"image.default\">\n\t\t\t\t<div class=\"elementor-widget-container\">\n\t\t\t\t\t\t\t\t\t\t\t\t\t\t\t<img fetchpriority=\"high\" decoding=\"async\" width=\"800\" height=\"450\" src=\"https:\/\/delta5sim.com\/website\/wp-content\/uploads\/2023\/09\/treinamento-selecao-delta-2-1024x576.jpg\" class=\"attachment-large size-large wp-image-1046\" alt=\"\" srcset=\"https:\/\/delta5sim.com\/website\/wp-content\/uploads\/2023\/09\/treinamento-selecao-delta-2-1024x576.jpg 1024w, https:\/\/delta5sim.com\/website\/wp-content\/uploads\/2023\/09\/treinamento-selecao-delta-2-600x337.jpg 600w, https:\/\/delta5sim.com\/website\/wp-content\/uploads\/2023\/09\/treinamento-selecao-delta-2-400x225.jpg 400w, https:\/\/delta5sim.com\/website\/wp-content\/uploads\/2023\/09\/treinamento-selecao-delta-2-768x432.jpg 768w, https:\/\/delta5sim.com\/website\/wp-content\/uploads\/2023\/09\/treinamento-selecao-delta-2.jpg 1046w\" sizes=\"(max-width: 800px) 100vw, 800px\" \/>\t\t\t\t\t\t\t\t\t\t\t\t\t\t\t<\/div>\n\t\t\t\t<\/div>\n\t\t\t\t<div class=\"elementor-element elementor-element-56783ee elementor-widget elementor-widget-text-editor\" data-id=\"56783ee\" data-element_type=\"widget\" data-e-type=\"widget\" data-widget_type=\"text-editor.default\">\n\t\t\t\t<div class=\"elementor-widget-container\">\n\t\t\t\t\t\t\t\t\t<p><a href=\"https:\/\/delta5sim.com\/website\/contato\/\">Entre em contato e saiba mais.<\/a><\/p>\t\t\t\t\t\t\t\t<\/div>\n\t\t\t\t<\/div>\n\t\t\t\t\t<\/div>\n\t\t<\/div>\n\t\t\t\t\t<\/div>\n\t\t<\/section>\n\t\t\t\t<\/div>\n\t\t","protected":false},"excerpt":{"rendered":"<p>Treinamento e Sele\u00e7\u00e3o Empresas A\u00e9reas Reduza os custos e melhore a efici\u00eancia de sua equipe. Utilize os simuladores da Delta 5 como parte do treinamento de seus pilotos, economizando na redu\u00e7\u00e3o de horas de treinamento em Full Flight Simulator (FFS\/Level D). Algumas empresas a\u00e9reas tamb\u00e9m j\u00e1 utilizaram nossos equipamentos para realizar etapas de sele\u00e7\u00e3o de [&hellip;]<\/p>\n","protected":false},"author":3,"featured_media":0,"parent":0,"menu_order":0,"comment_status":"closed","ping_status":"closed","template":"","meta":{"footnotes":""},"class_list":["post-1021","page","type-page","status-publish","hentry"],"yoast_head":"<!-- This site is optimized with the Yoast SEO plugin v27.2 - https:\/\/yoast.com\/product\/yoast-seo-wordpress\/ -->\n<title>Treinamento e Sele\u00e7\u00e3o - Delta 5<\/title>\n<meta name=\"robots\" content=\"index, follow, max-snippet:-1, max-image-preview:large, max-video-preview:-1\" \/>\n<link rel=\"canonical\" href=\"https:\/\/delta5sim.com\/website\/treinamento-e-selecao\/\" \/>\n<meta property=\"og:locale\" content=\"pt_BR\" \/>\n<meta property=\"og:type\" content=\"article\" \/>\n<meta property=\"og:title\" content=\"Treinamento e Sele\u00e7\u00e3o - Delta 5\" \/>\n<meta property=\"og:description\" content=\"Treinamento e Sele\u00e7\u00e3o Empresas A\u00e9reas Reduza os custos e melhore a efici\u00eancia de sua equipe. Utilize os simuladores da Delta 5 como parte do treinamento de seus pilotos, economizando na redu\u00e7\u00e3o de horas de treinamento em Full Flight Simulator (FFS\/Level D). Algumas empresas a\u00e9reas tamb\u00e9m j\u00e1 utilizaram nossos equipamentos para realizar etapas de sele\u00e7\u00e3o de [&hellip;]\" \/>\n<meta property=\"og:url\" content=\"https:\/\/delta5sim.com\/website\/treinamento-e-selecao\/\" \/>\n<meta property=\"og:site_name\" content=\"Delta 5\" \/>\n<meta property=\"article:modified_time\" content=\"2023-11-16T10:45:38+00:00\" \/>\n<meta property=\"og:image\" content=\"https:\/\/delta5sim.com\/website\/wp-content\/uploads\/2023\/09\/treinamento-selecao-delta-2-1024x576.jpg\" \/>\n<meta name=\"twitter:card\" content=\"summary_large_image\" \/>\n<meta name=\"twitter:label1\" content=\"Est. tempo de leitura\" \/>\n\t<meta name=\"twitter:data1\" content=\"1 minuto\" \/>\n<script type=\"application\/ld+json\" class=\"yoast-schema-graph\">{\"@context\":\"https:\/\/schema.org\",\"@graph\":[{\"@type\":\"WebPage\",\"@id\":\"https:\/\/delta5sim.com\/website\/treinamento-e-selecao\/\",\"url\":\"https:\/\/delta5sim.com\/website\/treinamento-e-selecao\/\",\"name\":\"Treinamento e Sele\u00e7\u00e3o - Delta 5\",\"isPartOf\":{\"@id\":\"https:\/\/delta5sim.com\/website\/#website\"},\"primaryImageOfPage\":{\"@id\":\"https:\/\/delta5sim.com\/website\/treinamento-e-selecao\/#primaryimage\"},\"image\":{\"@id\":\"https:\/\/delta5sim.com\/website\/treinamento-e-selecao\/#primaryimage\"},\"thumbnailUrl\":\"https:\/\/delta5sim.com\/website\/wp-content\/uploads\/2023\/09\/treinamento-selecao-delta-2-1024x576.jpg\",\"datePublished\":\"2023-09-05T19:45:42+00:00\",\"dateModified\":\"2023-11-16T10:45:38+00:00\",\"breadcrumb\":{\"@id\":\"https:\/\/delta5sim.com\/website\/treinamento-e-selecao\/#breadcrumb\"},\"inLanguage\":\"pt-BR\",\"potentialAction\":[{\"@type\":\"ReadAction\",\"target\":[\"https:\/\/delta5sim.com\/website\/treinamento-e-selecao\/\"]}]},{\"@type\":\"ImageObject\",\"inLanguage\":\"pt-BR\",\"@id\":\"https:\/\/delta5sim.com\/website\/treinamento-e-selecao\/#primaryimage\",\"url\":\"https:\/\/delta5sim.com\/website\/wp-content\/uploads\/2023\/09\/treinamento-selecao-delta-2.jpg\",\"contentUrl\":\"https:\/\/delta5sim.com\/website\/wp-content\/uploads\/2023\/09\/treinamento-selecao-delta-2.jpg\",\"width\":1046,\"height\":588},{\"@type\":\"BreadcrumbList\",\"@id\":\"https:\/\/delta5sim.com\/website\/treinamento-e-selecao\/#breadcrumb\",\"itemListElement\":[{\"@type\":\"ListItem\",\"position\":1,\"name\":\"In\u00edcio\",\"item\":\"https:\/\/delta5sim.com\/website\/\"},{\"@type\":\"ListItem\",\"position\":2,\"name\":\"Treinamento e Sele\u00e7\u00e3o\"}]},{\"@type\":\"WebSite\",\"@id\":\"https:\/\/delta5sim.com\/website\/#website\",\"url\":\"https:\/\/delta5sim.com\/website\/\",\"name\":\"Delta 5\",\"description\":\"&quot;Treine antes de voar&quot;\",\"publisher\":{\"@id\":\"https:\/\/delta5sim.com\/website\/#organization\"},\"potentialAction\":[{\"@type\":\"SearchAction\",\"target\":{\"@type\":\"EntryPoint\",\"urlTemplate\":\"https:\/\/delta5sim.com\/website\/?s={search_term_string}\"},\"query-input\":{\"@type\":\"PropertyValueSpecification\",\"valueRequired\":true,\"valueName\":\"search_term_string\"}}],\"inLanguage\":\"pt-BR\"},{\"@type\":\"Organization\",\"@id\":\"https:\/\/delta5sim.com\/website\/#organization\",\"name\":\"Delta 5\",\"url\":\"https:\/\/delta5sim.com\/website\/\",\"logo\":{\"@type\":\"ImageObject\",\"inLanguage\":\"pt-BR\",\"@id\":\"https:\/\/delta5sim.com\/website\/#\/schema\/logo\/image\/\",\"url\":\"https:\/\/delta5sim.com\/website\/wp-content\/uploads\/2023\/09\/Delta5_CIAC.png\",\"contentUrl\":\"https:\/\/delta5sim.com\/website\/wp-content\/uploads\/2023\/09\/Delta5_CIAC.png\",\"width\":2463,\"height\":783,\"caption\":\"Delta 5\"},\"image\":{\"@id\":\"https:\/\/delta5sim.com\/website\/#\/schema\/logo\/image\/\"}}]}<\/script>\n<!-- \/ Yoast SEO plugin. -->","yoast_head_json":{"title":"Treinamento e Sele\u00e7\u00e3o - Delta 5","robots":{"index":"index","follow":"follow","max-snippet":"max-snippet:-1","max-image-preview":"max-image-preview:large","max-video-preview":"max-video-preview:-1"},"canonical":"https:\/\/delta5sim.com\/website\/treinamento-e-selecao\/","og_locale":"pt_BR","og_type":"article","og_title":"Treinamento e Sele\u00e7\u00e3o - Delta 5","og_description":"Treinamento e Sele\u00e7\u00e3o Empresas A\u00e9reas Reduza os custos e melhore a efici\u00eancia de sua equipe. Utilize os simuladores da Delta 5 como parte do treinamento de seus pilotos, economizando na redu\u00e7\u00e3o de horas de treinamento em Full Flight Simulator (FFS\/Level D). Algumas empresas a\u00e9reas tamb\u00e9m j\u00e1 utilizaram nossos equipamentos para realizar etapas de sele\u00e7\u00e3o de [&hellip;]","og_url":"https:\/\/delta5sim.com\/website\/treinamento-e-selecao\/","og_site_name":"Delta 5","article_modified_time":"2023-11-16T10:45:38+00:00","og_image":[{"url":"https:\/\/delta5sim.com\/website\/wp-content\/uploads\/2023\/09\/treinamento-selecao-delta-2-1024x576.jpg","type":"","width":"","height":""}],"twitter_card":"summary_large_image","twitter_misc":{"Est. tempo de leitura":"1 minuto"},"schema":{"@context":"https:\/\/schema.org","@graph":[{"@type":"WebPage","@id":"https:\/\/delta5sim.com\/website\/treinamento-e-selecao\/","url":"https:\/\/delta5sim.com\/website\/treinamento-e-selecao\/","name":"Treinamento e Sele\u00e7\u00e3o - Delta 5","isPartOf":{"@id":"https:\/\/delta5sim.com\/website\/#website"},"primaryImageOfPage":{"@id":"https:\/\/delta5sim.com\/website\/treinamento-e-selecao\/#primaryimage"},"image":{"@id":"https:\/\/delta5sim.com\/website\/treinamento-e-selecao\/#primaryimage"},"thumbnailUrl":"https:\/\/delta5sim.com\/website\/wp-content\/uploads\/2023\/09\/treinamento-selecao-delta-2-1024x576.jpg","datePublished":"2023-09-05T19:45:42+00:00","dateModified":"2023-11-16T10:45:38+00:00","breadcrumb":{"@id":"https:\/\/delta5sim.com\/website\/treinamento-e-selecao\/#breadcrumb"},"inLanguage":"pt-BR","potentialAction":[{"@type":"ReadAction","target":["https:\/\/delta5sim.com\/website\/treinamento-e-selecao\/"]}]},{"@type":"ImageObject","inLanguage":"pt-BR","@id":"https:\/\/delta5sim.com\/website\/treinamento-e-selecao\/#primaryimage","url":"https:\/\/delta5sim.com\/website\/wp-content\/uploads\/2023\/09\/treinamento-selecao-delta-2.jpg","contentUrl":"https:\/\/delta5sim.com\/website\/wp-content\/uploads\/2023\/09\/treinamento-selecao-delta-2.jpg","width":1046,"height":588},{"@type":"BreadcrumbList","@id":"https:\/\/delta5sim.com\/website\/treinamento-e-selecao\/#breadcrumb","itemListElement":[{"@type":"ListItem","position":1,"name":"In\u00edcio","item":"https:\/\/delta5sim.com\/website\/"},{"@type":"ListItem","position":2,"name":"Treinamento e Sele\u00e7\u00e3o"}]},{"@type":"WebSite","@id":"https:\/\/delta5sim.com\/website\/#website","url":"https:\/\/delta5sim.com\/website\/","name":"Delta 5","description":"&quot;Treine antes de voar&quot;","publisher":{"@id":"https:\/\/delta5sim.com\/website\/#organization"},"potentialAction":[{"@type":"SearchAction","target":{"@type":"EntryPoint","urlTemplate":"https:\/\/delta5sim.com\/website\/?s={search_term_string}"},"query-input":{"@type":"PropertyValueSpecification","valueRequired":true,"valueName":"search_term_string"}}],"inLanguage":"pt-BR"},{"@type":"Organization","@id":"https:\/\/delta5sim.com\/website\/#organization","name":"Delta 5","url":"https:\/\/delta5sim.com\/website\/","logo":{"@type":"ImageObject","inLanguage":"pt-BR","@id":"https:\/\/delta5sim.com\/website\/#\/schema\/logo\/image\/","url":"https:\/\/delta5sim.com\/website\/wp-content\/uploads\/2023\/09\/Delta5_CIAC.png","contentUrl":"https:\/\/delta5sim.com\/website\/wp-content\/uploads\/2023\/09\/Delta5_CIAC.png","width":2463,"height":783,"caption":"Delta 5"},"image":{"@id":"https:\/\/delta5sim.com\/website\/#\/schema\/logo\/image\/"}}]}},"_links":{"self":[{"href":"https:\/\/delta5sim.com\/website\/wp-json\/wp\/v2\/pages\/1021","targetHints":{"allow":["GET"]}}],"collection":[{"href":"https:\/\/delta5sim.com\/website\/wp-json\/wp\/v2\/pages"}],"about":[{"href":"https:\/\/delta5sim.com\/website\/wp-json\/wp\/v2\/types\/page"}],"author":[{"embeddable":true,"href":"https:\/\/delta5sim.com\/website\/wp-json\/wp\/v2\/users\/3"}],"replies":[{"embeddable":true,"href":"https:\/\/delta5sim.com\/website\/wp-json\/wp\/v2\/comments?post=1021"}],"version-history":[{"count":22,"href":"https:\/\/delta5sim.com\/website\/wp-json\/wp\/v2\/pages\/1021\/revisions"}],"predecessor-version":[{"id":3092,"href":"https:\/\/delta5sim.com\/website\/wp-json\/wp\/v2\/pages\/1021\/revisions\/3092"}],"wp:attachment":[{"href":"https:\/\/delta5sim.com\/website\/wp-json\/wp\/v2\/media?parent=1021"}],"curies":[{"name":"wp","href":"https:\/\/api.w.org\/{rel}","templated":true}]}}